{"id":8,"date":"2024-01-24T01:18:18","date_gmt":"2024-01-24T00:18:18","guid":{"rendered":"https:\/\/mecatechsoluciones.com.co\/?page_id=8"},"modified":"2025-07-30T17:44:49","modified_gmt":"2025-07-30T22:44:49","slug":"inicio","status":"publish","type":"page","link":"https:\/\/mecatechsoluciones.com.co\/","title":{"rendered":"Inicio"},"content":{"rendered":"\t\t<div data-elementor-type=\"wp-page\" data-elementor-id=\"8\" class=\"elementor elementor-8\">\n\t\t\t\t\t\t<section class=\"elementor-section elementor-top-section elementor-element elementor-element-2007d8d elementor-section-boxed elementor-section-height-default elementor-section-height-default\" data-id=\"2007d8d\" data-element_type=\"section\" data-e-type=\"section\" data-settings=\"{&quot;background_background&quot;:&quot;classic&quot;}\">\n\t\t\t\t\t\t<div class=\"elementor-container elementor-column-gap-default\">\n\t\t\t\t\t<div class=\"elementor-column elementor-col-50 elementor-top-column elementor-element elementor-element-b727c47\" data-id=\"b727c47\" data-element_type=\"column\" data-e-type=\"column\" data-settings=\"{&quot;background_background&quot;:&quot;gradient&quot;}\">\n\t\t\t<div class=\"elementor-widget-wrap elementor-element-populated\">\n\t\t\t\t\t\t<div class=\"elementor-element elementor-element-882bd5a elementor-widget elementor-widget-text-editor\" data-id=\"882bd5a\" data-element_type=\"widget\" data-e-type=\"widget\" data-widget_type=\"text-editor.default\">\n\t\t\t\t<div class=\"elementor-widget-container\">\n\t\t\t\t\t\t\t\t\t<p><b>Mecatech Solar<\/b> Hemos simplificado la inversi\u00f3n en empresas industriales y MiniGranjas Solares, haci\u00e9ndola accesible desde cualquier lugar del mundo. Somos especialistas en el dise\u00f1o y estructuraci\u00f3n de modelos PPA (Power Purchase Agreement). Comprometidos con la innovaci\u00f3n, la sostenibilidad y la creaci\u00f3n de valor para clientes e inversores.<\/p>\t\t\t\t\t\t\t\t<\/div>\n\t\t\t\t<\/div>\n\t\t\t\t\t<\/div>\n\t\t<\/div>\n\t\t\t\t<div class=\"elementor-column elementor-col-50 elementor-top-column elementor-element elementor-element-fb757e2\" data-id=\"fb757e2\" data-element_type=\"column\" data-e-type=\"column\">\n\t\t\t<div class=\"elementor-widget-wrap elementor-element-populated\">\n\t\t\t\t\t\t<div class=\"elementor-element elementor-element-55fb065 elementor-widget elementor-widget-image\" data-id=\"55fb065\" data-element_type=\"widget\" data-e-type=\"widget\" data-widget_type=\"image.default\">\n\t\t\t\t<div class=\"elementor-widget-container\">\n\t\t\t\t\t\t\t\t\t\t\t\t\t\t\t<img fetchpriority=\"high\" decoding=\"async\" width=\"1024\" height=\"683\" src=\"https:\/\/mecatechsoluciones.com.co\/wp-content\/uploads\/2024\/12\/aerial-view-large-sustainable-electrical-power-plant-with-many-rows-solar-panels-1024x683.jpg\" class=\"attachment-large size-large wp-image-1676\" alt=\"\" srcset=\"https:\/\/mecatechsoluciones.com.co\/wp-content\/uploads\/2024\/12\/aerial-view-large-sustainable-electrical-power-plant-with-many-rows-solar-panels-1024x683.jpg 1024w, https:\/\/mecatechsoluciones.com.co\/wp-content\/uploads\/2024\/12\/aerial-view-large-sustainable-electrical-power-plant-with-many-rows-solar-panels-300x200.jpg 300w, https:\/\/mecatechsoluciones.com.co\/wp-content\/uploads\/2024\/12\/aerial-view-large-sustainable-electrical-power-plant-with-many-rows-solar-panels-768x512.jpg 768w, https:\/\/mecatechsoluciones.com.co\/wp-content\/uploads\/2024\/12\/aerial-view-large-sustainable-electrical-power-plant-with-many-rows-solar-panels-1536x1024.jpg 1536w, https:\/\/mecatechsoluciones.com.co\/wp-content\/uploads\/2024\/12\/aerial-view-large-sustainable-electrical-power-plant-with-many-rows-solar-panels-2048x1366.jpg 2048w\" sizes=\"(max-width: 1024px) 100vw, 1024px\" \/>\t\t\t\t\t\t\t\t\t\t\t\t\t\t\t<\/div>\n\t\t\t\t<\/div>\n\t\t\t\t\t<\/div>\n\t\t<\/div>\n\t\t\t\t\t<\/div>\n\t\t<\/section>\n\t\t\t\t<section class=\"elementor-section elementor-top-section elementor-element elementor-element-1167c6f elementor-section-boxed elementor-section-height-default elementor-section-height-default\" data-id=\"1167c6f\" data-element_type=\"section\" data-e-type=\"section\">\n\t\t\t\t\t\t<div class=\"elementor-container elementor-column-gap-default\">\n\t\t\t\t\t<div class=\"elementor-column elementor-col-50 elementor-top-column elementor-element elementor-element-54e6eab\" data-id=\"54e6eab\" data-element_type=\"column\" data-e-type=\"column\">\n\t\t\t<div class=\"elementor-widget-wrap elementor-element-populated\">\n\t\t\t\t\t\t<div class=\"elementor-element elementor-element-f051080 elementor-widget-divider--view-line elementor-widget elementor-widget-divider\" data-id=\"f051080\" data-element_type=\"widget\" data-e-type=\"widget\" data-widget_type=\"divider.default\">\n\t\t\t\t<div class=\"elementor-widget-container\">\n\t\t\t\t\t\t\t<div class=\"elementor-divider\">\n\t\t\t<span class=\"elementor-divider-separator\">\n\t\t\t\t\t\t<\/span>\n\t\t<\/div>\n\t\t\t\t\t\t<\/div>\n\t\t\t\t<\/div>\n\t\t\t\t<div class=\"elementor-element elementor-element-dca6d01 elementor-widget elementor-widget-image\" data-id=\"dca6d01\" data-element_type=\"widget\" data-e-type=\"widget\" data-widget_type=\"image.default\">\n\t\t\t\t<div class=\"elementor-widget-container\">\n\t\t\t\t\t\t\t\t\t\t\t\t\t\t\t<img decoding=\"async\" width=\"1024\" height=\"485\" src=\"https:\/\/mecatechsoluciones.com.co\/wp-content\/uploads\/2024\/12\/Group-41-5-1024x485.png\" class=\"attachment-large size-large wp-image-1643\" alt=\"\" srcset=\"https:\/\/mecatechsoluciones.com.co\/wp-content\/uploads\/2024\/12\/Group-41-5-1024x485.png 1024w, https:\/\/mecatechsoluciones.com.co\/wp-content\/uploads\/2024\/12\/Group-41-5-300x142.png 300w, https:\/\/mecatechsoluciones.com.co\/wp-content\/uploads\/2024\/12\/Group-41-5-768x364.png 768w, https:\/\/mecatechsoluciones.com.co\/wp-content\/uploads\/2024\/12\/Group-41-5-1536x728.png 1536w, https:\/\/mecatechsoluciones.com.co\/wp-content\/uploads\/2024\/12\/Group-41-5.png 1921w\" sizes=\"(max-width: 1024px) 100vw, 1024px\" \/>\t\t\t\t\t\t\t\t\t\t\t\t\t\t\t<\/div>\n\t\t\t\t<\/div>\n\t\t\t\t\t<\/div>\n\t\t<\/div>\n\t\t\t\t<div class=\"elementor-column elementor-col-50 elementor-top-column elementor-element elementor-element-18ed208\" data-id=\"18ed208\" data-element_type=\"column\" data-e-type=\"column\">\n\t\t\t<div class=\"elementor-widget-wrap elementor-element-populated\">\n\t\t\t\t\t\t<div class=\"elementor-element elementor-element-a306b84 elementor-widget-divider--view-line elementor-widget elementor-widget-divider\" data-id=\"a306b84\" data-element_type=\"widget\" data-e-type=\"widget\" data-widget_type=\"divider.default\">\n\t\t\t\t<div class=\"elementor-widget-container\">\n\t\t\t\t\t\t\t<div class=\"elementor-divider\">\n\t\t\t<span class=\"elementor-divider-separator\">\n\t\t\t\t\t\t<\/span>\n\t\t<\/div>\n\t\t\t\t\t\t<\/div>\n\t\t\t\t<\/div>\n\t\t\t\t<div class=\"elementor-element elementor-element-0b2b0f9 elementor-widget elementor-widget-heading\" data-id=\"0b2b0f9\" data-element_type=\"widget\" data-e-type=\"widget\" data-widget_type=\"heading.default\">\n\t\t\t\t<div class=\"elementor-widget-container\">\n\t\t\t\t\t<h2 class=\"elementor-heading-title elementor-size-default\">Servicio de Energ\u00eda Solar Bajo Modelo PPA para Empresas\n<\/h2>\t\t\t\t<\/div>\n\t\t\t\t<\/div>\n\t\t\t\t<div class=\"elementor-element elementor-element-6df60f7 elementor-widget elementor-widget-text-editor\" data-id=\"6df60f7\" data-element_type=\"widget\" data-e-type=\"widget\" data-widget_type=\"text-editor.default\">\n\t\t\t\t<div class=\"elementor-widget-container\">\n\t\t\t\t\t\t\t\t\t<p>Ofrecemos la implementaci\u00f3n de sistemas solares fotovoltaicos en modalidad PPA (Power Purchase Agreement), donde su empresa no invierte en la infraestructura y paga \u00fanicamente por la energ\u00eda consumida a un precio competitivo, generando ahorros desde el primer mes.<\/p>\t\t\t\t\t\t\t\t<\/div>\n\t\t\t\t<\/div>\n\t\t\t\t<div class=\"elementor-element elementor-element-d3cc597 elementor-align-center elementor-widget elementor-widget-button\" data-id=\"d3cc597\" data-element_type=\"widget\" data-e-type=\"widget\" data-widget_type=\"button.default\">\n\t\t\t\t<div class=\"elementor-widget-container\">\n\t\t\t\t\t\t\t\t\t<div class=\"elementor-button-wrapper\">\n\t\t\t\t\t<a class=\"elementor-button elementor-button-link elementor-size-sm\" href=\"https:\/\/mecatechsoluciones.com.co\/index.php\/contacto\/\">\n\t\t\t\t\t\t<span class=\"elementor-button-content-wrapper\">\n\t\t\t\t\t\t\t\t\t<span class=\"elementor-button-text\">Cont\u00e1ctanos <\/span>\n\t\t\t\t\t<\/span>\n\t\t\t\t\t<\/a>\n\t\t\t\t<\/div>\n\t\t\t\t\t\t\t\t<\/div>\n\t\t\t\t<\/div>\n\t\t\t\t\t<\/div>\n\t\t<\/div>\n\t\t\t\t\t<\/div>\n\t\t<\/section>\n\t\t\t\t<section class=\"elementor-section elementor-top-section elementor-element elementor-element-5ba11a9 elementor-section-boxed elementor-section-height-default elementor-section-height-default\" data-id=\"5ba11a9\" data-element_type=\"section\" data-e-type=\"section\">\n\t\t\t\t\t\t<div class=\"elementor-container elementor-column-gap-default\">\n\t\t\t\t\t<div class=\"elementor-column elementor-col-100 elementor-top-column elementor-element elementor-element-3c7ebb5\" data-id=\"3c7ebb5\" data-element_type=\"column\" data-e-type=\"column\">\n\t\t\t<div class=\"elementor-widget-wrap elementor-element-populated\">\n\t\t\t\t\t\t<div class=\"elementor-element elementor-element-e8acb79 elementor-widget elementor-widget-image\" data-id=\"e8acb79\" data-element_type=\"widget\" data-e-type=\"widget\" data-widget_type=\"image.default\">\n\t\t\t\t<div class=\"elementor-widget-container\">\n\t\t\t\t\t\t\t\t\t\t\t\t\t\t\t<img decoding=\"async\" width=\"457\" height=\"1024\" src=\"https:\/\/mecatechsoluciones.com.co\/wp-content\/uploads\/2024\/12\/Group-60-1.svg\" class=\"attachment-large size-large wp-image-1772\" alt=\"\" \/>\t\t\t\t\t\t\t\t\t\t\t\t\t\t\t<\/div>\n\t\t\t\t<\/div>\n\t\t\t\t\t<\/div>\n\t\t<\/div>\n\t\t\t\t\t<\/div>\n\t\t<\/section>\n\t\t\t\t<\/div>\n\t\t","protected":false},"excerpt":{"rendered":"<p>Mecatech Solar Hemos simplificado la inversi\u00f3n en empresas industriales y MiniGranjas Solares, haci\u00e9ndola accesible desde cualquier lugar del mundo. Somos especialistas en el dise\u00f1o y estructuraci\u00f3n de modelos PPA (Power Purchase Agreement). Comprometidos con la innovaci\u00f3n, la sostenibilidad y la creaci\u00f3n de valor para clientes e inversores. Servicio de Energ\u00eda Solar Bajo Modelo PPA para &#8230; <a title=\"Inicio\" class=\"read-more\" href=\"https:\/\/mecatechsoluciones.com.co\/\" aria-label=\"Leer m\u00e1s sobre Inicio\">Leer m\u00e1s<\/a><\/p>\n","protected":false},"author":1,"featured_media":0,"parent":0,"menu_order":0,"comment_status":"closed","ping_status":"closed","template":"","meta":{"content-type":"","_joinchat":[],"footnotes":""},"class_list":["post-8","page","type-page","status-publish"],"_links":{"self":[{"href":"https:\/\/mecatechsoluciones.com.co\/index.php\/wp-json\/wp\/v2\/pages\/8","targetHints":{"allow":["GET"]}}],"collection":[{"href":"https:\/\/mecatechsoluciones.com.co\/index.php\/wp-json\/wp\/v2\/pages"}],"about":[{"href":"https:\/\/mecatechsoluciones.com.co\/index.php\/wp-json\/wp\/v2\/types\/page"}],"author":[{"embeddable":true,"href":"https:\/\/mecatechsoluciones.com.co\/index.php\/wp-json\/wp\/v2\/users\/1"}],"replies":[{"embeddable":true,"href":"https:\/\/mecatechsoluciones.com.co\/index.php\/wp-json\/wp\/v2\/comments?post=8"}],"version-history":[{"count":493,"href":"https:\/\/mecatechsoluciones.com.co\/index.php\/wp-json\/wp\/v2\/pages\/8\/revisions"}],"predecessor-version":[{"id":2130,"href":"https:\/\/mecatechsoluciones.com.co\/index.php\/wp-json\/wp\/v2\/pages\/8\/revisions\/2130"}],"wp:attachment":[{"href":"https:\/\/mecatechsoluciones.com.co\/index.php\/wp-json\/wp\/v2\/media?parent=8"}],"curies":[{"name":"wp","href":"https:\/\/api.w.org\/{rel}","templated":true}]}}